the highest common divisor of j and 54.
27
Suppose -34 = -4*r + 6. Let m be (-3)/(-3)*26 + -1. What is the highest common divisor of r and m?
5
Let r(z) = -3*z**2 + 38*z - 12. Let m be r(10). Calculate the highest common factor of 17 and m.
17
Let a = 93 - 65. Calculate the highest common factor of a and 14.
14
Suppose 4*i = -i - 40. Let z(m) = -4*m + 1. Let o be z(i). Let l(w) = 12*w**2 - w. Let y be l(1). What is the greatest common factor of o and y?
11
Suppose -4*m = -2*k - 8, 3*k - 5*m - 5 = -2*k. Suppose 2*n + 104 = k*n. What is the highest common divisor of 39 and n?
13
Let c = 152 + -141. Calculate the highest common factor of c and 55.
11
Let n(h) = h**3 + 17*h**2 - 4*h - 59. Let s be n(-17). What is the highest common divisor of s and 99?
9
Let t = -2 - 2. Let x(v) = v**2 + 2*v - 5. Let c be x(t). Suppose -5*h + 2*b = -45, -b - 35 = -c*h - 7. What is the greatest common divisor of 121 and h?
11
Let g(b) = b**2 + 10*b - 11. Let k be g(-14). What is the greatest common divisor of 315 and k?
45
Let z be (50/15)/((-4)/(-6)). Let p be 5/(-25) - (-66)/z. What is the greatest common factor of p and 39?
13
Let n = -3 - -17. Calculate the highest common divisor of 35 and n.
7
Let i(w) = w**3 + 5*w**2 - 12*w + 26. Let q be i(5). Let n be 0/(-2) + (5 - -22). Calculate the highest common divisor of q and n.
27
Let x be 4*2/24*-6. Let y be x/(-2 + 640/324). Calculate the greatest common factor of y and 9.
9
Let q be ((-12)/(-24))/(2/96). Suppose 5*a - 121 = -f - q, -2*a = -10. What is the highest common factor of f and 8?
8
Suppose -u = 2*i - 2, -2 = 2*i + 3*u - 0*u. Suppose 0 = -i*s - 4, -4*v = -2*v + 2*s - 44. What is the highest common factor of v and 36?
12
Let l(o) = o**2 + 5*o - 10. Let t be l(-7). Let c be ((-3)/(-2))/(6/(-8)). Let g be -2 - c - (-8)/2. Calculate the greatest common divisor of t and g.
4
Let s be 1724/16 - 2/(-8). Suppose 5*x = 2*m + 448, 3*x + 2*m - 364 = -s. What is the highest common factor of 11 and x?
11
Let x = 395 - 188. Suppose 185 = 7*c - x. Calculate the greatest common factor of 8 and c.
8
Suppose -49 = -4*i - 233. Let a = -27 - i. Calculate the greatest common factor of 95 and a.
19
Suppose 4*t - 75 = -5*z - 0*t, 4*t = 5*z - 35. What is the highest common factor of z and 44?
11
Suppose -340 = 5*o - 0*o. Let p = -48 - o. Let y be (-1)/(-2)*(0 + 16). What is the highest common factor of y and p?
4
Let b(o) = -o**3 + 11*o**2 - 10*o - 2. Let u be b(9). Let s = 20 - 10. Let c = 24 - s. Calculate the highest common divisor of u and c.
14
Suppose 90 = 17*o - 14*o. What is the greatest common factor of o and 75?
15
Let s be -4 + ((-492)/(-4) - -1). Suppose 2*v + 15 = -15. Let h = v + 30. Calculate the highest common factor of h and s.
15
Let n(m) = -m**3 + 5*m**2 + m + 6. Let b be n(4). Calculate the greatest common divisor of 26 and b.
26
Let p be -2*(-2 + 63/(-6)). Calculate the greatest common factor of 100 and p.
25
Let t = 19 + -6. Suppose 2*l + l - 5*p - 210 = 0, 0 = -4*l + 2*p + 266. Calculate the greatest common divisor of t and l.
13
Let u(w) = -37*w - 3. Suppose -4*v - v - 15 = 0. Let t be u(v). What is the highest common divisor of t and 12?
12
Let u be -1*(1 - -21)/(-1). Let i(m) = -m + 10. Let c be i(8). Calculate the highest common factor of u and c.
2
Suppose -6 = 2*y - 4*s, -5*y + 32 - 2 = 5*s. Suppose -y*m + 24 = -m. Calculate the greatest common divisor of m and 60.
12
Let v = -1608 + 540. Let w be v/(-84) - 2/(-7). Calculate the greatest common factor of w and 91.
13
Suppose -3*d = -6, -4*k - k = 2*d - 84. What is the highest common factor of k and 160?
16
Suppose -443 + 47 = -4*w. Suppose 3*b + 2*r - 14 = 13, -2*b = -3*r - 31. Calculate the greatest common divisor of b and w.
11
Let g be ((-16)/(-6))/(2/3). Let p = g - -50. Suppose 0 = -2*i + c + p, 4*i + 5*c - 154 = -32. What is the highest common factor of i and 4?
4
Suppose 4*g + o + 3*o + 20 = 0, 0 = -4*g + o + 5. Suppose 10 + g = s. Suppose -m + 25 + 15 = 4*a, 40 = 4*a - 2*m. What is the highest common divisor of s and a?
10
Let b = 0 - -22. What is the greatest common factor of b and 11?
11
Let j(b) = 1 + 17*b**3 + 1 + 0*b**2 + b + b**2. Let v be j(-2). Let r be (3/(-2))/(9/v). Calculate the highest common divisor of 88 and r.
22
Let l(u) = u + 2 - 89*u**3 + 1 + u**2 - 3 + 1. Let o be l(-1). Calculate the highest common divisor of 18 and o.
18
Let j = -7 - -7. Suppose j = -c + 4 - 3. What is the highest common factor of c and 5?
1
Let l(b) be the third derivative of -35*b**4/24 + b**3/2 + 4*b**2. Let k be (-11 + 1)/2 - -1. Let x be l(k). What is the greatest common divisor of x and 13?
13
Let p(l) = -2*l**2 + l + 3*l**2 + 0*l**2. Let a be p(-2). Let y be 4 + -6 + 16*1. Calculate the highest common divisor of y and a.
2
Suppose 5*s = -z + 40, 3*z - 9 = 2*s + 26. Calculate the greatest common divisor of z and 30.
15
Let x(y) = -y**3 + 6*y**2 + 2*y + 3. Let r be x(3). Calculate the greatest common factor of 24 and r.
12
Let k be ((-3)/(-2))/(6/(-8)). Let n be (-33)/(-12) - k/8. Let m be (7/(-3))/((-1)/n). What is the greatest common divisor of m and 7?
7
Let b(i) = -i**3 + 8*i**2 + 10*i + 11. Let h be b(9). Calculate the highest common factor of 30 and h.
10
Let q(f) = -11*f**3 - f**2 + f + 1. Let m(k) = -k**3 - 3*k**2 - k - 4. Let c be m(-3). Let w be q(c). What is the highest common factor of w and 70?
10
Let x = -37 - -53. Let j be (16/6)/(2/15). Let b be (j/(-3))/((-2)/12). What is the greatest common factor of b and x?
8
Let u(m) = -3*m + 30. Let w be u(9). What is the highest common factor of 2 and w?
1
Let i be 58/14 - (-1)/(-7). Let x(j) = 4*j + 8. Let o be x(i). Calculate the highest common factor of 12 and o.
12
Let p be 3/(-1 + -2)*-30. Calculate the highest common divisor of 75 and p.
15
Let v(a) = -a**3 - 4*a**2 + 10*a - 1. Let k be v(-7). Let q be 2/(-7) - 1216/7. Let p be (-2)/6 - q/9. Calculate the greatest common factor of p and k.
19
Suppose 2*f - 156 = -f. Calculate the highest common factor of 156 and f.
52
Suppose 5*d - 36 = -4*k, 5*k = 2*d + 5 + 7. Suppose 4*n = 2*y - 304, -k*n = -4*y - 3*n + 608. What is the greatest common factor of 19 and y?
19
Suppose 5*l - 4*m + 8 = 34, 0 = -2*l + 3*m + 16. What is the highest common factor of 22 and l?
2
Let l(z) = z + 7. Let m be l(-9). Let s = m + 1. Let g = s + 4. What is the greatest common factor of g and 24?
3
Let c be 94/10 - (-8)/(-20). Calculate the highest common factor of c and 9.
9
Let b(f) = f**2 - f. Let x be 33/15 + (-2)/10. Let d be b(x). Suppose 2 + d = -n, 2*i = -3*n + 16. Calculate the greatest common factor of i and 126.
14
Let g = 0 + 1. Let r(t) be the first derivative of 16*t**3/3 - t**2/2 + t - 1. Let l be r(g). Calculate the greatest common factor of l and 32.
16
Suppose 4*w + 3*b = 8*w - 59, 4*w - 39 = -b. Suppose 8 - 72 = 4*j. Let h = 6 - j. What is the greatest common factor of w and h?
11
Suppose 2*b - 5*m = 29, -2*b - b = 3*m - 33. Suppose b + 51 = 3*i. Suppose 45 = c - 60. Calculate the greatest common divisor of i and c.
21
Let k = 43 - 27. Let r(q) = -q**2 - 8*q - 5. Let h be r(-7). What is the greatest common factor of k and h?
2
Let g = 39 + -32. What is the greatest common factor of 56 and g?
7
Let f = -57 + 11. Let h = 65 + f. What is the highest common divisor of h and 38?
19
Let s be (-8)/24 + 10/3. Suppose s*k - 402 = -138. Calculate the highest common factor of k and 8.
8
Let j = 34 + -27. Suppose 2*k + 39 = -65. Let w = -31 - k. Calculate the highest common divisor of w and j.
7
Suppose 7*j - 832 = -237. What is the greatest common divisor of j and 5?
5
Suppose 2*h + 3*g - 74 = g, 188 = 5*h + 4*g. Calculate the highest common factor of 100 and h.
20
Let v be (16 + -1)/((-9)/(-15)). What is the highest common factor of 275 and v?
25
Suppose 0*z - 4*l - 18 = z, 3*z - 3*l = 21. Suppose z*g = 5*m - 13 - 24, m = 4*g - 7. Calculate the highest common factor of 1 and m.
1
Suppose 4*x - 56 = 2*x. Let w = x + -13. Calculate the highest common divisor of 5 and w.
5
Let f = 10 - -10. Suppose f = 2*b - 32. Suppose b = w - 0*w - 4*t, 2*t = 5*w - 202. What is the highest common divisor of 28 and w?
14
Let j(p) = p**3 - p**2 - 2*p - 1. Let z(w) = -w - 1. Let d be z(-4). Let n be j(d). What is the greatest common divisor of n and 11?
11
Let t = 26 - 15. W